{"id":70,"date":"2014-04-08T08:28:12","date_gmt":"2014-04-08T08:28:12","guid":{"rendered":"http:\/\/www.coverman.se\/next\/?page_id=2"},"modified":"2022-03-24T08:10:23","modified_gmt":"2022-03-24T07:10:23","slug":"start","status":"publish","type":"page","link":"https:\/\/nextstrategies.se\/","title":{"rendered":"V\u00e4lkommen till Next Strategies"},"content":{"rendered":"\n<figure class=\"wp-block-image size-large is-resized\"><a href=\"http:\/\/nextstrategies.se\/wp-content\/uploads\/2021\/03\/N-logga.png\"><img loading=\"lazy\" decoding=\"async\" src=\"http:\/\/nextstrategies.se\/wp-content\/uploads\/2021\/03\/N-logga.png\" alt=\"\" class=\"wp-image-220\" width=\"381\" height=\"27\" srcset=\"https:\/\/nextstrategies.se\/wp-content\/uploads\/2021\/03\/N-logga.png 550w, https:\/\/nextstrategies.se\/wp-content\/uploads\/2021\/03\/N-logga-300x21.png 300w\" sizes=\"auto, (max-width: 381px) 100vw, 381px\" \/><\/a><\/figure>\n\n\n<p><strong>Ett passionsdrivet f\u00f6retag<\/strong><\/p>\n<ul>\n<li>Vi \u00e4r \u201dsenior advisors\u201d och vill forts\u00e4tta att arbeta under lite mer flexibla former och g\u00e4rna i projekt som vi tycker \u00e4r inspirerande.<\/li>\n<li>Efter m\u00e5nga \u00e5rs arbete i n\u00e4ringslivet \u00e4r vi \u00f6vertygande om att vi kan bidra med v\u00e4rdefull erfarenhet och kunskap. Vi \u00e4ger- och har \u00e4gt olika f\u00f6retag och kan processerna som t.ex. utveckla organisationen, aff\u00e4rsutveckling, internationalisering, s\u00e4ljeffektivitet, kapitalanskaffning och exit.<\/li>\n<li>I v\u00e5rt arbete \u00e4r vi \u00f6ppna och \u00e4rliga. Vi vill tillf\u00f6ra struktur, utmana och samtidigt vara entusiasmerande och en drivande kraft.<\/li>\n<\/ul>\n<p><strong>Fr\u00e5gest\u00e4llningar som entrepren\u00f6rer och \u00e4gare till mindre f\u00f6retag funderar p\u00e5:<\/strong><\/p>\n<p>&#8221;Hur ska vi f\u00f6rh\u00e5lla oss till digitaliseringen och dra nytta av den?&#8221;<br>&#8221;Vi vill g\u00f6ra aff\u00e4rer internationellt&#8221;<br>&#8221;Jag vill expandera men vet inte hur och hur ska det finansieras?&#8221;<br>&#8221;Jag vill \u00f6ka trycket i f\u00f6rs\u00e4ljningen&#8221;<br>&#8221;Vi m\u00e5ste f\u00e5 till ett b\u00e4ttre och mer givande styrelsearbete&#8221;<br>&#8221;Jag vill s\u00e4lja f\u00f6retaget om n\u00e5gra \u00e5r&#8221;<\/p>\n<p lang=\"--multilingual\" xml:lang=\"--multilingual\"><\/p>\n\n\n<div class=\"wp-block-image\"><figure class=\"aligncenter size-large is-resized\"><a href=\"https:\/\/nextstrategies.se\/wp-content\/uploads\/2022\/03\/Jollen.jpg\"><img loading=\"lazy\" decoding=\"async\" src=\"https:\/\/nextstrategies.se\/wp-content\/uploads\/2022\/03\/Jollen-768x1024.jpg\" alt=\"\" class=\"wp-image-244\" width=\"192\" height=\"256\" srcset=\"https:\/\/nextstrategies.se\/wp-content\/uploads\/2022\/03\/Jollen-768x1025.jpg 768w, https:\/\/nextstrategies.se\/wp-content\/uploads\/2022\/03\/Jollen-225x300.jpg 225w, https:\/\/nextstrategies.se\/wp-content\/uploads\/2022\/03\/Jollen-676x902.jpg 676w, https:\/\/nextstrategies.se\/wp-content\/uploads\/2022\/03\/Jollen.jpg 1024w\" sizes=\"auto, (max-width: 192px) 100vw, 192px\" \/><\/a><\/figure><\/div>\n\n\n","protected":false},"excerpt":{"rendered":"<p>Ett passionsdrivet f\u00f6retag Vi \u00e4r \u201dsenior advisors\u201d och vill forts\u00e4tta att arbeta under lite mer flexibla former och g\u00e4rna i projekt som vi tycker \u00e4r inspirerande. Efter m\u00e5nga \u00e5rs arbete i n\u00e4ringslivet \u00e4r vi \u00f6vertygande om att vi kan bidra med v\u00e4rdefull erfarenhet och kunskap. Vi \u00e4ger- och har \u00e4gt olika f\u00f6retag och kan processerna [&hellip;]<\/p>\n","protected":false},"author":1,"featured_media":0,"parent":0,"menu_order":0,"comment_status":"closed","ping_status":"closed","template":"template-nosidebar.php","meta":{"footnotes":""},"class_list":["post-70","page","type-page","status-publish","hentry","post-preview"],"_links":{"self":[{"href":"https:\/\/nextstrategies.se\/index.php?rest_route=\/wp\/v2\/pages\/70","targetHints":{"allow":["GET"]}}],"collection":[{"href":"https:\/\/nextstrategies.se\/index.php?rest_route=\/wp\/v2\/pages"}],"about":[{"href":"https:\/\/nextstrategies.se\/index.php?rest_route=\/wp\/v2\/types\/page"}],"author":[{"embeddable":true,"href":"https:\/\/nextstrategies.se\/index.php?rest_route=\/wp\/v2\/users\/1"}],"replies":[{"embeddable":true,"href":"https:\/\/nextstrategies.se\/index.php?rest_route=%2Fwp%2Fv2%2Fcomments&post=70"}],"version-history":[{"count":14,"href":"https:\/\/nextstrategies.se\/index.php?rest_route=\/wp\/v2\/pages\/70\/revisions"}],"predecessor-version":[{"id":248,"href":"https:\/\/nextstrategies.se\/index.php?rest_route=\/wp\/v2\/pages\/70\/revisions\/248"}],"wp:attachment":[{"href":"https:\/\/nextstrategies.se\/index.php?rest_route=%2Fwp%2Fv2%2Fmedia&parent=70"}],"curies":[{"name":"wp","href":"https:\/\/api.w.org\/{rel}","templated":true}]}}